{"id":28,"date":"2020-11-21T08:36:26","date_gmt":"2020-11-21T08:36:26","guid":{"rendered":"https:\/\/www.miradaastur.es\/?page_id=28"},"modified":"2022-07-05T09:29:56","modified_gmt":"2022-07-05T09:29:56","slug":"que-hacemos","status":"publish","type":"page","link":"https:\/\/www.miradaastur.es\/?page_id=28","title":{"rendered":"\u00bfQu\u00e9 hacemos?"},"content":{"rendered":"\r\n<div>\u00a0<\/div>\r\n<div><strong>Mirada Astur<\/strong> nace con la ilusi\u00f3n de dar a conocer los elementos que hacen del suroccidente asturiano un espacio m\u00e1gico. Sumergidos en lo m\u00e1s profundo del <strong>Parque Natural de las Fuentes del Narcea, Dega\u00f1a e Ibias<\/strong> viviremos experiencias \u00fanicas y diferentes rodeados del gran valor natural y etnogr\u00e1fico de esta zona, abri\u00e9ndonos tambi\u00e9n a las m\u00faltiples muestras del entorno rural, de nuestra cultura y costumbres, con el fin de que el visitante disfrute al m\u00e1ximo conoci\u00e9ndonos.<\/div>\r\n<div>\u00a0<\/div>\r\n<div>Por ello, nuestras actividades se dirigen a todas aquellas personas que quieran acercarse a la naturaleza de primera mano y valorarla con la ayuda de expertos especializados que hemos crecido y vivido siempre sumergidos en el coraz\u00f3n de estas monta\u00f1as. El \u00fanico requisito imprescindible que exigimos es la curiosidad y las ganas de disfrutar de las experiencias ofertadas, para dejarse sorprender por nuestro impresionante entorno.<\/div>\r\n<div>\u00a0<\/div>\r\n<div>\u00a0<\/div>\r\n<div style=\"text-align: center;\"><div id=\"metaslider-id-350\" style=\"width: 100%;\" class=\"ml-slider-3-108-0 metaslider metaslider-flex metaslider-350 ml-slider has-dots-nav ms-theme-default\" role=\"region\" aria-label=\"Que hacemos\" data-height=\"300\" data-width=\"700\">\n    <div id=\"metaslider_container_350\">\n        <div id=\"metaslider_350\">\n            <ul class='slides'>\n                <li style=\"display: block; width: 100%;\" class=\"slide-362 ms-image \" aria-roledescription=\"slide\" data-date=\"2021-01-23 18:36:57\" data-filename=\"IMG_9693-700x300.jpg\" data-slide-type=\"image\"><img loading=\"lazy\" decoding=\"async\" src=\"https:\/\/www.miradaastur.es\/wp-content\/uploads\/2021\/01\/IMG_9693-700x300.jpg\" height=\"300\" width=\"700\" alt=\"\" class=\"slider-350 slide-362 msDefaultImage\" title=\"IMG_9693\" \/><\/li>\n                <li style=\"display: none; width: 100%;\" class=\"slide-363 ms-image \" aria-roledescription=\"slide\" data-date=\"2021-01-23 18:36:57\" data-filename=\"pr1-21236-700x300.jpg\" data-slide-type=\"image\"><img loading=\"lazy\" decoding=\"async\" src=\"https:\/\/www.miradaastur.es\/wp-content\/uploads\/2021\/01\/pr1-21236-700x300.jpg\" height=\"300\" width=\"700\" alt=\"\" class=\"slider-350 slide-363 msDefaultImage\" title=\"pr1-21236\" \/><\/li>\n                <li style=\"display: none; width: 100%;\" class=\"slide-364 ms-image \" aria-roledescription=\"slide\" data-date=\"2021-01-23 18:36:57\" data-filename=\"pr1-44407-700x300.jpg\" data-slide-type=\"image\"><img loading=\"lazy\" decoding=\"async\" src=\"https:\/\/www.miradaastur.es\/wp-content\/uploads\/2021\/01\/pr1-44407-700x300.jpg\" height=\"300\" width=\"700\" alt=\"\" class=\"slider-350 slide-364 msDefaultImage\" title=\"pr1-44407\" \/><\/li>\n                <li style=\"display: none; width: 100%;\" class=\"slide-366 ms-image \" aria-roledescription=\"slide\" data-date=\"2021-01-23 18:36:57\" data-filename=\"pr2-09822-700x300.jpg\" data-slide-type=\"image\"><img loading=\"lazy\" decoding=\"async\" src=\"https:\/\/www.miradaastur.es\/wp-content\/uploads\/2021\/01\/pr2-09822-700x300.jpg\" height=\"300\" width=\"700\" alt=\"\" class=\"slider-350 slide-366 msDefaultImage\" title=\"pr2-09822\" \/><\/li>\n                <li style=\"display: none; width: 100%;\" class=\"slide-367 ms-image \" aria-roledescription=\"slide\" data-date=\"2021-01-23 18:36:57\" data-filename=\"prpt3-48923-700x300.jpg\" data-slide-type=\"image\"><img loading=\"lazy\" decoding=\"async\" src=\"https:\/\/www.miradaastur.es\/wp-content\/uploads\/2021\/01\/prpt3-48923-700x300.jpg\" height=\"300\" width=\"700\" alt=\"\" class=\"slider-350 slide-367 msDefaultImage\" title=\"prpt3-48923\" \/><\/li>\n                <li style=\"display: none; width: 100%;\" class=\"slide-368 ms-image \" aria-roledescription=\"slide\" data-date=\"2021-01-23 18:36:57\" data-filename=\"prpt3-75424-700x300.jpg\" data-slide-type=\"image\"><img loading=\"lazy\" decoding=\"async\" src=\"https:\/\/www.miradaastur.es\/wp-content\/uploads\/2021\/01\/prpt3-75424-700x300.jpg\" height=\"300\" width=\"700\" alt=\"\" class=\"slider-350 slide-368 msDefaultImage\" title=\"prpt3-75424\" \/><\/li>\n                <li style=\"display: none; width: 100%;\" class=\"slide-369 ms-image \" aria-roledescription=\"slide\" data-date=\"2021-01-23 18:36:57\" data-filename=\"pspr1-79921-700x300.jpg\" data-slide-type=\"image\"><img loading=\"lazy\" decoding=\"async\" src=\"https:\/\/www.miradaastur.es\/wp-content\/uploads\/2021\/01\/pspr1-79921-700x300.jpg\" height=\"300\" width=\"700\" alt=\"\" class=\"slider-350 slide-369 msDefaultImage\" title=\"pspr1-79921\" \/><\/li>\n                <li style=\"display: none; width: 100%;\" class=\"slide-370 ms-image \" aria-roledescription=\"slide\" data-date=\"2021-01-23 18:36:57\" data-filename=\"pspr2-68372-700x300.jpg\" data-slide-type=\"image\"><img loading=\"lazy\" decoding=\"async\" src=\"https:\/\/www.miradaastur.es\/wp-content\/uploads\/2021\/01\/pspr2-68372-700x300.jpg\" height=\"300\" width=\"700\" alt=\"\" class=\"slider-350 slide-370 msDefaultImage\" title=\"pspr2-68372\" \/><\/li>\n                <li style=\"display: none; width: 100%;\" class=\"slide-372 ms-image \" aria-roledescription=\"slide\" data-date=\"2021-01-23 18:36:58\" data-filename=\"pspr2-87825-700x300.jpg\" data-slide-type=\"image\"><img loading=\"lazy\" decoding=\"async\" src=\"https:\/\/www.miradaastur.es\/wp-content\/uploads\/2021\/01\/pspr2-87825-700x300.jpg\" height=\"300\" width=\"700\" alt=\"\" class=\"slider-350 slide-372 msDefaultImage\" title=\"pspr2-87825\" \/><\/li>\n                <li style=\"display: none; width: 100%;\" class=\"slide-390 ms-image \" aria-roledescription=\"slide\" data-date=\"2021-01-25 13:44:28\" data-filename=\"pspr2-63661-scaled-700x300.jpg\" data-slide-type=\"image\"><img loading=\"lazy\" decoding=\"async\" src=\"https:\/\/www.miradaastur.es\/wp-content\/uploads\/2021\/01\/pspr2-63661-scaled-700x300.jpg\" height=\"300\" width=\"700\" alt=\"\" class=\"slider-350 slide-390 msDefaultImage\" title=\"pspr2-63661\" \/><\/li>\n            <\/ul>\n        <\/div>\n        \n    <\/div>\n<\/div><\/div>\r\n","protected":false},"excerpt":{"rendered":"","protected":false},"author":1,"featured_media":138,"parent":0,"menu_order":0,"comment_status":"closed","ping_status":"closed","template":"","meta":{"footnotes":""},"class_list":["post-28","page","type-page","status-publish","has-post-thumbnail","hentry"],"_links":{"self":[{"href":"https:\/\/www.miradaastur.es\/index.php?rest_route=\/wp\/v2\/pages\/28","targetHints":{"allow":["GET"]}}],"collection":[{"href":"https:\/\/www.miradaastur.es\/index.php?rest_route=\/wp\/v2\/pages"}],"about":[{"href":"https:\/\/www.miradaastur.es\/index.php?rest_route=\/wp\/v2\/types\/page"}],"author":[{"embeddable":true,"href":"https:\/\/www.miradaastur.es\/index.php?rest_route=\/wp\/v2\/users\/1"}],"replies":[{"embeddable":true,"href":"https:\/\/www.miradaastur.es\/index.php?rest_route=%2Fwp%2Fv2%2Fcomments&post=28"}],"version-history":[{"count":18,"href":"https:\/\/www.miradaastur.es\/index.php?rest_route=\/wp\/v2\/pages\/28\/revisions"}],"predecessor-version":[{"id":498,"href":"https:\/\/www.miradaastur.es\/index.php?rest_route=\/wp\/v2\/pages\/28\/revisions\/498"}],"wp:featuredmedia":[{"embeddable":true,"href":"https:\/\/www.miradaastur.es\/index.php?rest_route=\/wp\/v2\/media\/138"}],"wp:attachment":[{"href":"https:\/\/www.miradaastur.es\/index.php?rest_route=%2Fwp%2Fv2%2Fmedia&parent=28"}],"curies":[{"name":"wp","href":"https:\/\/api.w.org\/{rel}","templated":true}]}}