{"id":75,"date":"2020-12-11T11:56:28","date_gmt":"2020-12-11T11:56:28","guid":{"rendered":"https:\/\/www.miradaastur.es\/?page_id=75"},"modified":"2022-07-05T17:22:43","modified_gmt":"2022-07-05T17:22:43","slug":"videos","status":"publish","type":"page","link":"https:\/\/www.miradaastur.es\/?page_id=75","title":{"rendered":"V\u00eddeos"},"content":{"rendered":"<p style=\"text-align: center;\">Escenas de primavera.<\/p>\n<p style=\"text-align: center;\">La primavera es el mes por excelencia del amor y de la reproducci\u00f3n. En esta \u00e9poca muchas especies aprovechan para perpetuarse, entre ellas nuestros osos pardo, y nos regalan bonitas escenas como esta.<\/p>\n<p><iframe loading=\"lazy\" title=\"Celo y monta en la prader\u00eda.\" width=\"820\" height=\"461\" src=\"https:\/\/www.youtube.com\/embed\/FhIG3QHawzA?feature=oembed\" frameborder=\"0\" allow=\"accelerometer; autoplay; clipboard-write; encrypted-media; gyroscope; picture-in-picture\" allowfullscreen><\/iframe><\/p>\n<p>&nbsp;<\/p>\n<p style=\"text-align: center;\">Tanteando el a los vecinos.<\/p>\n<p style=\"text-align: center;\">No corr\u00edan mucho peligro estos tres corzos. Este joven macho de oso pardo m\u00e1s bien parec\u00eda que estaba jugando y no intentando cazarlos. Pr\u00e1cticamente no tiene posibilidades de alcanzar a un corzo adulto salvo que este est\u00e9 herido y no pueda correr. No ocurre lo mismo con las cr\u00edas de estos ungulados, que tienen a quedarse agazapadas para mimetizarse con la vegetaci\u00f3n y as\u00ed pasar desapercibidas, pero si un oso detecta y sigue su leve rastro, poco tendr\u00e1 que hacer.<\/p>\n<p><iframe loading=\"lazy\" title=\"Oso joven persiguiendo corzos\" width=\"820\" height=\"461\" src=\"https:\/\/www.youtube.com\/embed\/s7BS1m78tZQ?feature=oembed\" frameborder=\"0\" allow=\"accelerometer; autoplay; clipboard-write; encrypted-media; gyroscope; picture-in-picture\" allowfullscreen><\/iframe><\/p>\n<p>&nbsp;<\/p>\n<p style=\"text-align: center;\">Atento a todo lo que le rodea&#8230;<\/p>\n<p style=\"text-align: center;\">este macho pasta sin preocupaciones. Los ruidos generados en la carretera pr\u00f3xima llaman su atenci\u00f3n, pero conocedor de la distancia que existe se recuesta un par de minutos para despu\u00e9s continuar con su tarea, pastar la fresca hierba. Estamos en una de las mejores \u00e9pocas para disfrutar de estos animales en plena libertad, la primavera. Una experiencia \u00fanica en la vida y en nuestras monta\u00f1as.<\/p>\n<p><iframe loading=\"lazy\" title=\"Oso negro\" width=\"820\" height=\"461\" src=\"https:\/\/www.youtube.com\/embed\/RnMikYMmFfA?feature=oembed\" frameborder=\"0\" allow=\"accelerometer; autoplay; clipboard-write; encrypted-media; gyroscope; picture-in-picture\" allowfullscreen><\/iframe><\/p>\n<p>&nbsp;<\/p>\n<p style=\"text-align: center;\">Contraste entre generaciones.<\/p>\n<p>En esta escena se describe muy bien este hecho, mientras el osezno del a\u00f1o pasado retoza y juega, la madre observa, olfatea y escucha para prevenir cualquier amenaza. No es para menos si tenemos en cuenta la presencia de, al menos, dos machos en la misma ladera, uno de ellos un macho adulto que podr\u00eda poner en serios apuros al despreocupado osezno.<\/p>\n<p><iframe loading=\"lazy\" title=\"Contraste entre generaciones.\" width=\"820\" height=\"461\" src=\"https:\/\/www.youtube.com\/embed\/7d5wYZrOEH4?feature=oembed\" frameborder=\"0\" allow=\"accelerometer; autoplay; clipboard-write; encrypted-media; gyroscope; picture-in-picture\" allowfullscreen><\/iframe><\/p>\n<p>&nbsp;<\/p>\n<p style=\"text-align: center;\">Esta peque\u00f1a ave suele aparecer ligado a matorrales y arbustos de media y alta monta\u00f1a, donde, a pesar de ser bastante discreto, puede descubrirse rondando por el suelo en busca de comida. Suele comer principalmente insectos, aunque en invierno ingiere tambi\u00e9n peque\u00f1as semillas, pudiendo verlo cerca de las casas en los pueblos.<\/p>\n<p><iframe loading=\"lazy\" title=\"El acompa\u00f1ante del peregrino.\" width=\"820\" height=\"461\" src=\"https:\/\/www.youtube.com\/embed\/e8HWvlA4H5Q?feature=oembed\" frameborder=\"0\" allow=\"accelerometer; autoplay; clipboard-write; encrypted-media; gyroscope; picture-in-picture\" allowfullscreen><\/iframe><\/p>\n<p>&nbsp;<\/p>\n<p style=\"text-align: center;\">En su af\u00e1n continuado por encontrar alimento muchas veces podemos ver a estos animales cruzar por zonas de matorral bajo, claros en el bosque o canchales, como en este caso. \u00a1Un buen momento para observarlos y disfrutar de ellos, pero no el \u00fanico!<\/p>\n<p><iframe loading=\"lazy\" title=\"Atravesando el canchal\" width=\"820\" height=\"461\" src=\"https:\/\/www.youtube.com\/embed\/NBDcS678SN4?feature=oembed\" frameborder=\"0\" allow=\"accelerometer; autoplay; clipboard-write; encrypted-media; gyroscope; picture-in-picture\" allowfullscreen><\/iframe><\/p>\n<p>&nbsp;<\/p>\n<p style=\"text-align: center;\">Durante esta primavera pudimos observar este macho con actitud encelada. A pesar de las malas condiciones meteorol\u00f3gicas de esos d\u00edas, pudimos disfrutar de este oso mientras segu\u00eda atentamente el rastro de una hembra. Eso s\u00ed, a su paso dejaba buena constancia de su presencia marcando \u00e1rboles y matorrales.<\/p>\n<p><iframe loading=\"lazy\" title=\"Macho durante el celo.\" width=\"820\" height=\"461\" src=\"https:\/\/www.youtube.com\/embed\/cwE-3jBLgXg?feature=oembed\" frameborder=\"0\" allow=\"accelerometer; autoplay; clipboard-write; encrypted-media; gyroscope; picture-in-picture\" allowfullscreen><\/iframe><\/p>\n<p>&nbsp;<\/p>\n<p style=\"text-align: center;\">Abunda en estos parajes el jabal\u00ed y no siempre se le puede ver en actitud tan distendida correteando y jugando unos con otros. En esta ocasi\u00f3n nos sirvi\u00f3 para abrir el apetito de observadores a lo que despu\u00e9s nos vendr\u00eda!<\/p>\n<p><iframe loading=\"lazy\" title=\"Jabal\u00edes jugando.\" width=\"820\" height=\"461\" src=\"https:\/\/www.youtube.com\/embed\/6yMWdnvSBa0?feature=oembed\" frameborder=\"0\" allow=\"accelerometer; autoplay; clipboard-write; encrypted-media; gyroscope; picture-in-picture\" allowfullscreen><\/iframe><\/p>\n<p>&nbsp;<\/p>\n<p style=\"text-align: center;\">Este bonito macho de pico picapinos (dendrocopos major) nos acompa\u00f1\u00f3 en una de nuestras \u00faltimas salidas de observaci\u00f3n de fauna. Iba y ven\u00eda de roble en roble mientras lanzaba su reclamo frente a nosotros.<\/p>\n<p><iframe loading=\"lazy\" title=\"Carpinteros del bosque.\" width=\"820\" height=\"461\" src=\"https:\/\/www.youtube.com\/embed\/W9SsFb_0KUE?feature=oembed\" frameborder=\"0\" allow=\"accelerometer; autoplay; clipboard-write; encrypted-media; gyroscope; picture-in-picture\" allowfullscreen><\/iframe><\/p>\n<p>&nbsp;<\/p>\n<p style=\"text-align: center;\">Durante el celo la actividad de los osos es fren\u00e9tica, por eso de vez en cuando es bueno parar un poco y echarse una siesta. Junto a nuestros amigos de verballenas.com pudimos disfrutar de esta pareja de osos que estuvieron un buen rato descansando para internarse a continuaci\u00f3n en el bosque y seguir con su romance.<\/p>\n<p><iframe loading=\"lazy\" title=\"Descanso durante el celo\" width=\"820\" height=\"461\" src=\"https:\/\/www.youtube.com\/embed\/un7S1Pyvnhc?feature=oembed\" frameborder=\"0\" allow=\"accelerometer; autoplay; clipboard-write; encrypted-media; gyroscope; picture-in-picture\" allowfullscreen><\/iframe><\/p>\n<p>&nbsp;<\/p>\n<p style=\"text-align: center;\">Es sabido que la dieta de estos grandes mam\u00edferos tiene una fuerte base vegetariana, sobre todo durante la primavera, donde pastan en las praderas cual rumiante cl\u00e1sico. De ah\u00ed que podemos disfrutar de escenas como \u00e9sta, donde este macho de gran tama\u00f1o come y disfruta de la hierba incluso tumbado. !Por si acaso, hay que ahorrar energ\u00eda!!<\/p>\n<p><iframe loading=\"lazy\" title=\"Oso en la pradera\" width=\"820\" height=\"461\" src=\"https:\/\/www.youtube.com\/embed\/7xhr3OQTSJk?feature=oembed\" frameborder=\"0\" allow=\"accelerometer; autoplay; clipboard-write; encrypted-media; gyroscope; picture-in-picture\" allowfullscreen><\/iframe><\/p>\n<p>&nbsp;<\/p>\n<p style=\"text-align: center;\">En esta observaci\u00f3n pudimos disfrutar de dos osos aliment\u00e1ndose de ar\u00e1ndanos en la misma ladera de la monta\u00f1a, un macho en primer lugar en la zona elevada y una hembra a la orilla del r\u00edo.<br \/>\nConvivencia puntual que seguramente se d\u00e9 gracias a la suficiencia de ar\u00e1ndanos en ese espacio y a que, en realidad, no estaban tan pr\u00f3ximos, a pesar de nuestra perspectiva desde el punto de observaci\u00f3n.<\/p>\n<p><iframe loading=\"lazy\" title=\"Convivencia entre osos.\" width=\"820\" height=\"461\" src=\"https:\/\/www.youtube.com\/embed\/qNBHLJKB5_A?feature=oembed\" frameborder=\"0\" allow=\"accelerometer; autoplay; clipboard-write; encrypted-media; gyroscope; picture-in-picture\" allowfullscreen><\/iframe><\/p>\n<p>&nbsp;<\/p>\n<p style=\"text-align: center;\">A mediados del verano comienza la fructificaci\u00f3n del ar\u00e1ndano. En este momento, si el a\u00f1o ha sido bueno y las arandaneras se cargan de fruto, los osos m\u00e1s grandes se ponen las botas en las mejores zonas. Una de las mejores \u00e9pocas para disfrutar de su observaci\u00f3n a pesar de que este a\u00f1o ha habido muy poco fruto, hecho que no se aprecia en este v\u00eddeo, ya que este macho no para de engullir. Quiz\u00e1s sea porque es el primero en disfrutar de estos peque\u00f1os manjares.<\/p>\n<p><iframe loading=\"lazy\" title=\"Primeros osos del ar\u00e1ndano.\" width=\"820\" height=\"461\" src=\"https:\/\/www.youtube.com\/embed\/7fCgBpb97Gk?feature=oembed\" frameborder=\"0\" allow=\"accelerometer; autoplay; clipboard-write; encrypted-media; gyroscope; picture-in-picture\" allowfullscreen><\/iframe><\/p>\n<p>&nbsp;<\/p>\n<p>&nbsp;<\/p>\n<p style=\"text-align: center;\">Estamos en un momento donde resulta un poco m\u00e1s complicada la observaci\u00f3n de osos, ya que su atenci\u00f3n se centra en el aprovechamiento de la cereza dentro de los bosques, lo que limitan su presencia en zonas despejadas. Pero con experiencia, paciencia y tes\u00f3n se pueden lograr observaciones como \u00e9sta.<\/p>\n<p><iframe loading=\"lazy\" title=\"Oso comiendo cerezas.\" width=\"820\" height=\"461\" src=\"https:\/\/www.youtube.com\/embed\/3EO78Zub40I?feature=oembed\" frameborder=\"0\" allow=\"accelerometer; autoplay; clipboard-write; encrypted-media; gyroscope; picture-in-picture\" allowfullscreen><\/iframe><\/p>\n<p>&nbsp;<\/p>\n<p style=\"text-align: center;\">El gato mont\u00e9s, uno de los principales controladores de roedores en nuestros campos, ronda su territorio en busca de presas mientras come gram\u00edneas que le ayudan a purgar su sistema digestivo.<\/p>\n<p><iframe loading=\"lazy\" title=\"Gato mont\u00e9s\" width=\"820\" height=\"461\" src=\"https:\/\/www.youtube.com\/embed\/eddAntbv_TM?feature=oembed\" frameborder=\"0\" allow=\"accelerometer; autoplay; clipboard-write; encrypted-media; gyroscope; picture-in-picture\" allowfullscreen><\/iframe><\/p>\n<p>&nbsp;<\/p>\n<p style=\"text-align: center;\">La naturaleza, a veces, nos puede parecer cruel. Los machos de oso pardo pueden llegar a matar a las cr\u00edas de su misma especie para provocar que sus madres salgan en celo y, as\u00ed, lograr perpetuar sus genes. En esta ocasi\u00f3n, el osezno sali\u00f3 indemne.<\/p>\n<p><iframe loading=\"lazy\" title=\"Defensa de su cr\u00eda.\" width=\"820\" height=\"461\" src=\"https:\/\/www.youtube.com\/embed\/n4bzy6lAB4w?feature=oembed\" frameborder=\"0\" allow=\"accelerometer; autoplay; clipboard-write; encrypted-media; gyroscope; picture-in-picture\" allowfullscreen><\/iframe><\/p>\n<p>&nbsp;<\/p>\n<p style=\"text-align: center;\">Todas las madres hacen malabares en la vida para sacar adelante a sus reto\u00f1os, y este es un buen ejemplo, aunque esta osa haya decidido hacerlo, tambi\u00e9n, sobre una pe\u00f1a.<\/p>\n<p><iframe loading=\"lazy\" title=\"Familia sobre la roca\" width=\"820\" height=\"461\" src=\"https:\/\/www.youtube.com\/embed\/1FyB5C3kZBo?feature=oembed\" frameborder=\"0\" allow=\"accelerometer; autoplay; clipboard-write; encrypted-media; gyroscope; picture-in-picture\" allowfullscreen><\/iframe><\/p>\n<p>&nbsp;<\/p>\n<p style=\"text-align: center;\">El sentido m\u00e1s desarrollado del oso es su olfato, por eso no es extra\u00f1o observar a estos animales venteando o \u00abcortando el viento\u00bb en busca de olores que le den informaci\u00f3n de su entorno.<\/p>\n<p><iframe loading=\"lazy\" title=\"Macho de Oso Pardo venteando\" width=\"820\" height=\"461\" src=\"https:\/\/www.youtube.com\/embed\/1ABT9xVMU-s?feature=oembed\" frameborder=\"0\" allow=\"accelerometer; autoplay; clipboard-write; encrypted-media; gyroscope; picture-in-picture\" allowfullscreen><\/iframe><\/p>\n<p>&nbsp;<\/p>\n<p style=\"text-align: center;\">\u00bfA qui\u00e9n no le apetece dormitar un poco a media ma\u00f1ana? A veces el sue\u00f1o nos da, y tan buena es una pedriza como un colch\u00f3n de plumas.<\/p>\n<p><iframe loading=\"lazy\" title=\"Hembra de Oso Pardo dormitando.\" width=\"820\" height=\"461\" src=\"https:\/\/www.youtube.com\/embed\/rOkdl3oKLIM?feature=oembed\" frameborder=\"0\" allow=\"accelerometer; autoplay; clipboard-write; encrypted-media; gyroscope; picture-in-picture\" allowfullscreen><\/iframe><\/p>\n<p>&nbsp;<\/p>\n<p style=\"text-align: center;\">En la primavera de 2018 pudimos disfrutar de esta incre\u00edble escena, donde este celo culmin\u00f3 en una gran pelea entre dos machos de gran tama\u00f1o.<\/p>\n<p><iframe loading=\"lazy\" title=\"Pelea durante un celo de osos pardos cant\u00e1bricos 2018\" width=\"820\" height=\"461\" src=\"https:\/\/www.youtube.com\/embed\/sp_EaF0XP-E?feature=oembed\" frameborder=\"0\" allow=\"accelerometer; autoplay; clipboard-write; encrypted-media; gyroscope; picture-in-picture\" allowfullscreen><\/iframe><\/p>\n","protected":false},"excerpt":{"rendered":"<p>Escenas de primavera. La primavera es el mes por excelencia del amor y de la reproducci\u00f3n. En esta \u00e9poca muchas especies aprovechan para perpetuarse, entre ellas nuestros osos pardo, y nos regalan bonitas escenas como esta. &nbsp; Tanteando el a los vecinos. No corr\u00edan mucho peligro estos tres corzos. Este joven macho de oso pardo [&hellip;]<\/p>\n","protected":false},"author":1,"featured_media":152,"parent":0,"menu_order":0,"comment_status":"closed","ping_status":"closed","template":"","meta":{"footnotes":""},"class_list":["post-75","page","type-page","status-publish","has-post-thumbnail","hentry"],"_links":{"self":[{"href":"https:\/\/www.miradaastur.es\/index.php?rest_route=\/wp\/v2\/pages\/75","targetHints":{"allow":["GET"]}}],"collection":[{"href":"https:\/\/www.miradaastur.es\/index.php?rest_route=\/wp\/v2\/pages"}],"about":[{"href":"https:\/\/www.miradaastur.es\/index.php?rest_route=\/wp\/v2\/types\/page"}],"author":[{"embeddable":true,"href":"https:\/\/www.miradaastur.es\/index.php?rest_route=\/wp\/v2\/users\/1"}],"replies":[{"embeddable":true,"href":"https:\/\/www.miradaastur.es\/index.php?rest_route=%2Fwp%2Fv2%2Fcomments&post=75"}],"version-history":[{"count":51,"href":"https:\/\/www.miradaastur.es\/index.php?rest_route=\/wp\/v2\/pages\/75\/revisions"}],"predecessor-version":[{"id":505,"href":"https:\/\/www.miradaastur.es\/index.php?rest_route=\/wp\/v2\/pages\/75\/revisions\/505"}],"wp:featuredmedia":[{"embeddable":true,"href":"https:\/\/www.miradaastur.es\/index.php?rest_route=\/wp\/v2\/media\/152"}],"wp:attachment":[{"href":"https:\/\/www.miradaastur.es\/index.php?rest_route=%2Fwp%2Fv2%2Fmedia&parent=75"}],"curies":[{"name":"wp","href":"https:\/\/api.w.org\/{rel}","templated":true}]}}